/34. Suppose -z + 13 = -k. What are the prime factors of k?
5, 7
Let x(i) = -197*i - 1237. What are the prime factors of x(-29)?
2, 3, 373
Let s(m) = m**2 - 5*m - 2. Let w be s(6). Suppose 2*y - w*l + 0*l = 438, 2*y = l + 438. Let q = y - 126. What are the prime factors of q?
3, 31
Suppose -12*f + 8*f = -12. Suppose f*q + 21 = -0*r + 3*r, 3*q + 2*r = -36. What are the prime factors of 5*(-12)/2*4/q?
2, 3
Let c = 3471 - -1802. List the prime factors of c.
5273
Suppose -39*f - 179360 = -3*r - 35*f, -f + 59782 = r. List the prime factors of r.
2, 3, 47, 53
Suppose -w - 144*h = -142*h - 1239, 0 = -4*w - 4*h + 4960. List the prime factors of w.
17, 73
Let f(a) = 18*a**3 + 27*a**2 - 22*a - 1. What are the prime factors of f(8)?
3, 37, 97
Let c = 4160 + -2890. List the prime factors of c.
2, 5, 127
Let i(y) = y**3 - 51*y + 4. Let r be i(-7). What are the prime factors of 16006/r + -7 + 244/36?
7, 127
Let j = 22555 + -10547. What are the prime factors of j?
2, 19, 79
Let m(u) = u**3 - 35*u**2 + 66*u + 125. List the prime factors of m(34).
1213
Let x(n) = 2*n + 14. Let k be x(-7). Let t be -1 + k/(-4) + 354. Let c = t - 251. List the prime factors of c.
2, 3, 17
Let z = 265 - 273. Let n(q) = -124*q - 229. What are the prime factors of n(z)?
7, 109
Let s be 11 + (8 - 2) - (4 + -1). Suppose 3*v + v = 5*y - s, -2*y + 16 = v. Let f(k) = k**3 - 3*k**2 - 4*k + 20. What are the prime factors of f(y)?
2, 13
Suppose 4*m = 11*m + 3528. Let f = 1262 + m. What are the prime factors of f?
2, 379
Let m(f) = f**2 - 4*f + 24. Let j(l) = 2*l**2 - 4*l + 24. Let h(w) = 2*j(w) - 3*m(w). List the prime factors of h(11).
3, 47
Let t(d) = 2*d**3 - 23*d**2 - 73*d + 13. List the prime factors of t(16).
3, 383
Let g(v) = v**2 - 3*v - 8. Let r be g(5). Let h(l) be the second derivative of 47*l**3/3 + 5*l**2/2 + 9*l. What are the prime factors of h(r)?
193
Let z(k) = 5*k + 45. Let q be z(-9). Suppose 3*f + x = 2665, 4*x - 4444 = -5*f - q*x. Suppose -298 = 5*i - f. List the prime factors of i.
2, 59
List the prime factors of 3 + (0*(-3)/(-15) - -11149).
2, 17, 41
Let b(q) = -1 + 6*q - 4*q - 9*q. Suppose 27 = -3*t - t + p, 4*t + 47 = -3*p. List the prime factors of b(t).
5, 11
List the prime factors of 28519 + -10 + 2 + -2.
3, 13, 17, 43
Suppose -314*i = -312*i - 800. What are the prime factors of ((-17440)/i)/(1/(-5))?
2, 109
Let t(q) = q**3 - 98*q**2 - 203*q - 189. List the prime factors of t(102).
3, 6907
Let c(q) = -5*q**2 - 25 - 9*q + 4*q**2 + q**3 + 0*q + 29. Let x be c(7). Let u = x - 56. What are the prime factors of u?
179
Suppose -14 = -4*d + 2, -3*d = -2*o + 218. Suppose -2500 = -o*n + 110*n. What are the prime factors of n?
2, 5
Let k = 70 - -3236. What are the prime factors of k?
2, 3, 19, 29
What are the prime factors of (-15)/(780/(-8)) - (-125418)/39?
2, 3, 67
Let u = 157 + -109. List the prime factors of (495/(-6) - -2)*u/(-28).
2, 3, 23
Let u(w) = 7324*w - 2326. List the prime factors of u(5).
2, 13, 1319
List the prime factors of 66532 + ((-21)/(-42))/((-4)/(-88)).
3, 41, 541
Let i = -8 - -22. Suppose -3*g - 12 + 1 = -4*o, 4*o - 2*g = i. Suppose -o*t + 239 = 4. List the prime factors of t.
47
Let q be (-10)/(-25) + 2046/10 + 2. Let g = -57 + q. Suppose -j + g = j. List the prime factors of j.
3, 5
Let k be 3/12 - 35145/20. What are the prime factors of (k/21 - 6)*-12?
2, 269
Suppose -24*s + 11*s = -156. List the prime factors of 4/(-5)*(-9030)/s.
2, 7, 43
Let b be (0 + 3)*(-11 - -12). Let w be ((-2)/(-5))/(b/15). Suppose w*t - 160 = 4*l, -3*t - 2*t + l = -445. List the prime factors of t.
2, 3, 5
Suppose 2*f - 2*x - 3*x = 1489, -3*x + 1497 = 2*f. Suppose 3*o = 4*t + f, 0*o - 5*o = 3*t - 1216. What are the prime factors of o?
5, 7
Suppose 0 = 141*g - 18*g - 92890 - 461717. List the prime factors of g.
3, 167
Suppose 0 = 4*g - 8*i + 12*i - 92260, 2*g = i + 46130. List the prime factors of g.
5, 7, 659
Suppose -7*m + 10*m = 6. Suppose -m*x - 9*x = -1617. List the prime factors of ((4 - x/(-3)) + 1)*5.
2, 3, 5
Suppose -c + 2*n - 31 = n, 5*c + 157 = 3*n. Let r = c + 32. Suppose r*y + 7*y = 406. List the prime factors of y.
2, 29
Let q(w) = -7*w**2 + 9*w - 1. Let m(t) = -6*t**2 + 9*t - 1. Let c(a) = 6*m(a) - 5*q(a). Let r be c(18). Let n = 268 + r. What are the prime factors of n?
3, 5, 7
Let j(x) = -x + 14. Let g(b) = -b**2 + 7*b - 2. Let f be g(4). Let v be j(f). Suppose 4*y = -y - 3*o + 350, -v*o = -20. What are the prime factors of y?
67
Suppose r - v = 15838, -231*r + 237*r - 4*v = 95026. List the prime factors of r.
3, 5279
Suppose 0 = -3*v - 19 - 2, -z = 5*v - 39837. What are the prime factors of z?
2, 7, 89
Suppose -2*n + 32777 = -80*i + 83*i, -4*i = -4*n - 43736. List the prime factors of i.
3, 3643
Let q = -1527 - -1010. What are the prime factors of ((-1)/(-10) + q/(-5))*2?
3, 23
Suppose -17*q - 1106 = -15*q. Let w = 1358 + q. What are the prime factors of w?
5, 7, 23
Suppose -724 - 725 = -9*a. List the prime factors of ((-23)/a)/((-1)/2359).
337
Let x = 118142 - 78906. What are the prime factors of x?
2, 17, 577
Suppose -20 = -5*u, 0 - 2 = -3*z + 4*u. Let p be z + -3 - (2 + -54). Suppose 57 = k + p. What are the prime factors of k?
2
Let k(v) be the third derivative of v**5/12 + v**4/6 - 14*v**3/3 + 2*v**2 + 7. What are the prime factors of k(-8)?
2, 5, 13
Let u(r) = 3*r**3 + 93*r**2 + 67*r + 86. List the prime factors of u(-28).
2, 2633
Suppose 0 = -c - 21 + 53. Suppose -4*j + 0*j + c = -2*n, 29 = 3*j + n. Suppose -j*m = -4*m - 485. What are the prime factors of m?
97
Suppose -5*f - 3*i = -0*i + 221, 3*i - 239 = 5*f. Let g be f/(-2) + (-12)/(-42)*7. Let p = g - -192. List the prime factors of p.
7, 31
Let f = 87 - 57. Let x(q) = 21*q + 114. What are the prime factors of x(f)?
2, 3, 31
Suppose -4*p + 0*i + 1577 = 3*i, 0 = 2*p - 3*i - 775. Suppose -5826 = -13*v - p. List the prime factors of v.
2, 11, 19
Let y(j) = 569*j - 1965. List the prime factors of y(6).
3, 7, 23
Suppose -2*j - 535 = -2261. Let p = j - 244. What are the prime factors of p?
619
List the prime factors of 3 - (14 + 17 - 6)*2568/(-5).
3, 1427
Suppose -7*k + 2*l + 177569 = -316220, -4*l - 70571 = -k. List the prime factors of k.
3, 7, 3359
Suppose 13*f + 62620 - 78969 = 80995. What are the prime factors of f?
2, 3, 13
Let c(l) = 2879*l + 395. What are the prime factors of c(1)?
2, 1637
What are the prime factors of (-750)/60*(-375 - 1) + -6?
2, 2347
Let r = 116 - 99. Suppose 0 = r*m - 590 - 1348. List the prime factors of m.
2, 3, 19
Let z(r) = r**3 + 2*r**2 - 2*r + 7070. Let f be z(0). Suppose -3*i - 11*i + f = 0. List the prime factors of i.
5, 101
Let p = -1708 - -2774. Suppose 5*l - p = -w - w, -2*l = 3*w - 1621. What are the prime factors of w?
3, 181
Suppose -17 - 11 = 7*r. Let d(n) = -7*n**3 - 8*n**2 - 7*n + 7. What are the prime factors of d(r)?
5, 71
Let k(v) = -v + 19. Let u be k(-6). Suppose 0 = -5*r + u, 2*r - 22 = -s - 2*s. Suppose s*w = 6*y - 4*y + 430, 2*w - 200 = -4*y. List the prime factors of w.
2, 53
Let z(p) = 2*p**3 - 6*p**2 - 12*p + 21. Let a = 196 - 190. List the prime factors of z(a).
3, 5, 11
Suppose 75*l - 778379 + 157164 = -16640. List the prime factors of l.
3, 2687
Suppose 5218 + 20291 = 11*v. Suppose 7*t - 9*t = -j - v, -5*j = -15. What are the prime factors of t?
3, 43
Suppose -2*o - 3 = -3*o. Suppose 3*w = o*n - 102, -4*n - 2*w + 5*w = -132. Suppose -g = -65 - n. List the prime factors of g.
5, 19
Let h be (-16)/((-8)/2) - -1. Let l(k) = -k**2 + 5*k + 5. Let a be l(h). What are the prime factors of (4 - a)/(3/(-213))?
71
Suppose -7*f - 125*f + 357588 = 0. List the prime factors of f.
3, 7, 43
Suppose 45*j - 57*j + 7788 = 0. Suppose 9*w - j = 1331. What are the prime factors of w?
2, 5, 11
Let g = -1982 + 2769. List the prime factors of g.
787
Suppose -4*l + 1 = i, -3 = -3*l - 5*i + 2. Suppose l = -7*h + 1087 + 2385. What are the prime factors of h?
2, 31
Suppose 34*q + 464940 = -20*q + 74*q. What are the prime factors of q?
3, 7, 41
Let t be (54/45)/(3/10). Suppose -k - t = -7. What are the prime factors of (-36)/(-4)*(2 + k)?
3, 5
Let d = 26900 + -18501. What are the prime factors of d?
37, 227
Let t(n) = 30*n**2 - 3*n - 23. Let d be t(9). Suppose -5*v = 4*s - d, -9 = -2*v - 1. What are the prime factors of s?
2, 5, 59
Suppose -27*u = -8*u - 48089. Let 